= g - c. What are the prime factors of t?
3, 7
Let m(v) = -387*v**3 - v**2. What are the prime factors of m(-1)?
2, 193
Let u = 228 - 35. What are the prime factors of u?
193
Suppose 0 = -2*p - 14 - 22. Let y = p + 31. List the prime factors of y.
13
Suppose -3*s + 5*s - 12 = n, n - 9 = -s. Let h = s - -8. List the prime factors of h.
3, 5
Let m = 9 + 2. Let n = 5 - m. What are the prime factors of (24/(-9))/(2/n)?
2
Let m(k) = k**3 - 9*k**2 - 6*k + 16. List the prime factors of m(10).
2, 7
Suppose n - 3920 = -15*n. What are the prime factors of n?
5, 7
Suppose -4*j + r = -122, -149 = -5*j + 5*r - 4. What are the prime factors of j?
31
Let z = -20 + -4. What are the prime factors of 7/(-2*4/z)?
3, 7
Suppose 2*m = 4*m - 4. Let c = -9 + m. Let w = 1 - c. List the prime factors of w.
2
Suppose 208 = 4*h - 4*b, 0 = h + h - b - 100. Suppose 5*j = -h - 7. Let o = -7 - j. What are the prime factors of o?
2
Let q(a) be the third derivative of 7*a**4/12 - a**3 + 2*a**2. What are the prime factors of q(3)?
2, 3
Let v be 1/(2/36*-1). Let j(k) = -7*k + 2. Let n be j(-4). Let b = n + v. What are the prime factors of b?
2, 3
Let a be (1 + -3)*(-6)/4. Suppose a*n - 6*n = -42. List the prime factors of n.
2, 7
Let r be (-40)/6*(-9)/6. Suppose -u + r = z, 4*u - 5 = 2*z + z. List the prime factors of z.
5
Let g be 1 - 37*(-1 + 0). Let o = g + -27. What are the prime factors of o?
11
Suppose -20 = -2*x - 2*x. Suppose -4*t + 47 = 5*u, 3*t + 61 = -0*u + x*u. List the prime factors of u.
11
Suppose -3*a - 18 = -2*n, -3*a = -4*n + a + 44. Suppose m - 51 = -n. What are the prime factors of m?
2, 3
Suppose -j + 303 = 5*v, -2*v - 3*j = -2*j - 120. What are the prime factors of v?
61
Suppose 0 = 4*f + 4 - 20. Let b = f + -3. What are the prime factors of b/5 + (-147)/(-15)?
2, 5
Suppose 0 = 2*t + 5*b - 110, 4*t + b = -2*b + 206. List the prime factors of t.
2, 5
Suppose -p + h - 184 = -5*p, -3*p = -3*h - 123. Let m = p + -27. Suppose 0 = -3*t + 27 + m. List the prime factors of t.
3, 5
Let p = 57 + -23. What are the prime factors of p?
2, 17
Suppose -5*c + 10*c = -i + 35, -5*c = -20. List the prime factors of i + 3 + 0/(-1).
2, 3
List the prime factors of (3 + -1)*(15 - 1).
2, 7
Suppose -l = -4 - 1. Let j = 1 + l. What are the prime factors of j?
2, 3
Let k(v) = -2*v**2 + 4*v - 2. Let d(p) = -2*p**2 + 5*p - 2. Let g(l) = 2*d(l) - 3*k(l). What are the prime factors of g(3)?
2, 7
Let v(f) be the second derivative of f**4/12 + f**3/2 + f**2 - 2*f. Let x(i) = i + 3. Let t be x(-7). List the prime factors of v(t).
2, 3
Let p = 19 + -17. Suppose -212 = -6*y + p*y. What are the prime factors of y?
53
Let u = 45 - -35. List the prime factors of u.
2, 5
Suppose 0*j + 15 = 3*j - 3*s, -4 = 2*s. Let f = 10 - j. Suppose f*r = 4*r + 36. What are the prime factors of r?
2, 3
Let m(y) = y**3 - 10*y**2 + 8*y + 11. Let n be m(9). List the prime factors of 1270/20 + (-3)/n.
2, 31
Let d(n) be the third derivative of 7*n**4/24 - n**3 - 2*n**2. Let p be d(4). What are the prime factors of p*(-2 + 10/4)?
11
Suppose 0 = 4*z - 3*l - 805, 0*l = -l + 5. List the prime factors of z.
5, 41
Suppose 0 = -47*t + 55*t - 840. List the prime factors of t.
3, 5, 7
Let l = 4 + -2. Let z be -1 - 0/(l + -3). What are the prime factors of (0 + -7 + z)/(-1)?
2
Suppose 0 = 5*l - 0 - 5. Let y = l + -1. What are the prime factors of 2 - ((-3)/3 + y)?
3
Suppose 0 = -2*l + 99 + 37. List the prime factors of l.
2, 17
Let z(c) = c + 6. Let f be z(0). Let j = 8 - f. List the prime factors of j.
2
Suppose 2*y = -5*d + y + 28, -3*y + 9 = 0. Let g(a) = -a**3 + 4*a**2 + 5. Let f be g(4). Suppose f*r - d = 5. List the prime factors of r.
2
Let v(z) = 7*z**3 + 2*z**2 + 4*z - 5. Let b(m) = -6*m**3 - m**2 - 3*m + 5. Let r(k) = -6*b(k) - 5*v(k). Let n = 10 + -5. List the prime factors of r(n).
2, 5
Let b(i) = 7*i**3 - 4*i + 11. Let z(l) = -8*l**3 + 4*l - 12. Let r(y) = 7*b(y) + 6*z(y). List the prime factors of r(4).
53
List the prime factors of (33/22)/(2/40).
2, 3, 5
Suppose 0*l + 5*k = -4*l + 53, 5*k = l + 18. Let z = 5 - l. List the prime factors of 6*(2 + 3/z).
3
Let w(u) = -u**2 - u - 14. Let s be w(0). What are the prime factors of (-8)/(-28) + (-164)/s?
2, 3
Suppose 48*k - 188 = 44*k. List the prime factors of k.
47
Suppose -2*c + 3*f = 4*f - 3, -2*c = -3*f - 7. Suppose -3*d = -c*d - 27. Suppose 0 = -l - 2*l + d. List the prime factors of l.
3
Suppose -5*g = -3*g - 4*y - 538, 2*g = -4*y + 514. What are the prime factors of g?
263
Let h(o) = 7*o + 53. List the prime factors of h(30).
263
Let p(g) = g**3 + 7*g**2 + 2. Let y be p(-7). Suppose u - y = -0*u. What are the prime factors of u?
2
Let a(c) = -94*c**3 - 2*c**2 - c. What are the prime factors of a(-1)?
3, 31
Suppose -5*l = -10*l - 2*x + 20, 2*l = 3*x - 11. Suppose l*v = 34 + 6. List the prime factors of v.
2, 5
Let r(q) = -2*q**2 + q + 1. Let h be r(-1). What are the prime factors of 1232/48 - h/6?
2, 13
Suppose -2*w = -4*y - 66, -w + 25 = 4*y - 2*y. Suppose -4*g + 4*h + 68 = 0, g + 4*h = 2*g - w. What are the prime factors of g?
13
Let q = 726 + -475. What are the prime factors of q?
251
Let d = 3 - 5. Let x(u) = 4*u**2 + u. Let y(f) = -9*f**2 - 2*f + 1. Let l(z) = 5*x(z) + 2*y(z). What are the prime factors of l(d)?
2
Let t(z) = -z**2 - 8*z - 5. Suppose 5*s = 3*y + 11, 2*y = s + 4*s - 4. List the prime factors of t(y).
2
Suppose 3*a - 84 = -a + 4*v, 0 = v + 1. What are the prime factors of a?
2, 5
Let q(j) = -j**3 - 3*j**2 + 6*j - 6. Let l = 0 - 5. List the prime factors of q(l).
2, 7
Let l be 1/(-2)*(-2)/(-1). Let b = 3 + l. Suppose -b*a = -5 - 3. List the prime factors of a.
2
Suppose -2*x - 248 = -604. What are the prime factors of x?
2, 89
Let b(h) be the first derivative of h**2 - 4*h - 2. List the prime factors of b(7).
2, 5
Let i = 6 - 4. Suppose -4*h = -i*h - 16. What are the prime factors of h?
2
Let k = 111 + 49. List the prime factors of k.
2, 5
Let i = -146 - -213. Let r = -42 + i. What are the prime factors of r?
5
Let m(c) = -4*c**3 + 2*c**2 + c. Let r be m(-1). Let x(b) = b**2 + 4*b - 2. What are the prime factors of x(r)?
43
Let u = 3 + -10. Let q = -8 + 2. List the prime factors of q/(-21) + (-68)/u.
2, 5
Let w(h) = -4 + 5 + h + 3*h - 3. List the prime factors of w(4).
2, 7
Let o(d) = d**2 + 2*d - 10. What are the prime factors of o(-8)?
2, 19
Let k = -101 - -184. List the prime factors of k.
83
Let i(n) = -11*n - 24. What are the prime factors of i(-7)?
53
Suppose 2*z + 522 = 3*l, -3*l + 262 + 260 = 5*z. List the prime factors of l.
2, 3, 29
Let c(x) = -x + 2. Let d be c(2). Let o = d - -7. What are the prime factors of o?
7
Let k = 7 - -129. List the prime factors of k.
2, 17
Suppose 712 = -7*u + 2434. List the prime factors of u.
2, 3, 41
Suppose -2*r + 3 = -r. Suppose -a + 5*a - 40 = -5*p, r*a = 4*p - 63. What are the prime factors of p?
2, 3
Let y = -4 - 38. Let d(k) = -k**2 - 6*k - 2. Let h be d(-6). List the prime factors of (-828)/y + h/(-7).
2, 5
List the prime factors of (-420)/(-9) + (-16)/(-12).
2, 3
Suppose 0*t + 4 = 3*t + 4*n, -3*n = -2*t + 14. Suppose 0 = -4*m + 3*m + 8. Suppose -r = -3*o + m, -t*r = -r - o - 8. List the prime factors of r.
2
Suppose -9*r = -12*r + 33. What are the prime factors of r?
11
What are the prime factors of (-1798)/(-6) + 10/(-15)?
13, 23
Let j(u) = 4*u**2 + 9*u + 5. List the prime factors of j(-6).
5, 19
Suppose -8 = -q + 13. Suppose -h - 2 + q = 0. List the prime factors of h.
19
Let d = 31 - 13. Suppose 5*x = -u + 30, 2*u + 2*u = 3*x - d. What are the prime factors of x?
2, 3
Let b be 113/(-4) + (-2)/(-8). Let u = -15 - b. What are the prime factors of u?
13
Suppose 0 = 4*b + t - 1012, 5*t = -5*b + 462 + 818. List the prime factors of b.
2, 3, 7
Let h(q) = -q. Let l be h(2). What are the prime factors of l/1 + 1 + 3?
2
Let y = -93 + 163. Suppose -4*h + y = -5*n, -n - 4*n = h - 30. What are the prime factors of h?
2, 5
Let l = 15 + -8. Let t = l - 4. Suppose 3 = -t*o + 33. What are the prime factors of o?
2, 5
Let m(d) = -d - 1. Let k(q) = 5*q - 32. Let w(l) = -k(l) - 6*m(l). Let c be w(0). Let f = c - 27. What are the prime factors of f?
11
List the prime factors of (-1 + 2)*17 + 3.
2, 5
Let l(b) = 2*b + 3. Let w be l(-3). Let h(v) = -v**3 - v**2 - 5*v - 5. List the prime factors of h(w).
2, 7
Le